 235 = w, 10*h + 3*w - 2512 = 0. What is the remainder when h is divided by 16?
13
Let t(b) = -b**3 + 28*b**2 - 14*b + 130. Calculate the remainder when t(24) is divided by 20.
18
Let b(d) = -d**2 + 48*d - 434. Calculate the remainder when 853 is divided by b(15).
60
Let w(i) = 444*i - 848. What is the remainder when 1429 is divided by w(2)?
29
Suppose 12582 + 2810 = -1452*a - 451*a + 78191. Let v(i) = i + 4. Calculate the remainder when a is divided by v(3).
5
Let j(a) = 3*a**2 + 24*a + 82. What is the remainder when 1195 is divided by j(-9)?
105
Suppose 3585 = 52*x + 1037. Suppose -2*c = -c. Suppose c*v - 5*v + 50 = 0. Calculate the remainder when x is divided by v.
9
Let a be ((-534)/4 - 4)/(3/18). Let m = 877 + a. Calculate the remainder when 415 is divided by m.
51
Let a(z) = 102*z + 1965. What is the remainder when a(-16) is divided by 18?
9
Suppose 16*m - 5787 = 7*m. Suppose -2*k = -2*l + 426, k = -3*l + 2*k + m. What is the remainder when l is divided by 45?
35
Suppose 0 = -f - 11*p + 8*p + 2, 15 = -5*p. Let d(y) = y**2 - 12*y + 42. What is the remainder when 123 is divided by d(f)?
30
Let c be (-4)/14*-2 + (-4)/7. Suppose c = -23*n + 694 + 88. What is the remainder when 231 is divided by n?
27
Suppose -8*n = -3*n - 5*j - 1415, -4*n = -j - 1144. Let h = n - 171. Calculate the remainder when h/6 - 2/6 is divided by 4.
3
Let b = -296 - -2405. Suppose -813 + b = 12*w. What is the remainder when w is divided by 50?
8
Let a be (36/(-6) + 6 + 0)/(-2). Suppose -5*p = -2*v - 68, a = -2*p - 5*v + 3 + 1. Calculate the remainder when 45 is divided by p.
9
Let q(m) = 149*m**2 + 6*m - 8. Let z be q(2). Suppose 5*c + 3*x - 171 = 413, -5*c + 5*x + z = 0. Calculate the remainder when c is divided by 12.
10
Suppose 5*z = -2*h + 69, 5*z + 2*h = 3*z + 24. Let y = z - 10. Suppose 4*w - 3*q = 52 + 3, -w + 15 = -2*q. What is the remainder when w is divided by y?
3
Let d be (-32 + 29)/(2/(-2)). Suppose 43 = -3*t + 4*t + d*f, -3*f = 5*t - 179. What is the remainder when 98 is divided by t?
30
Suppose 10*p = 20418 - 2018. What is the remainder when p is divided by 613?
1
Suppose -37*t + 8 = -39*t, -4*t - 3036 = -2*h. What is the remainder when 1526 is divided by h?
16
Let q(h) = 5 - 17 - 22 + 4 - 5*h. Calculate the remainder when 38 is divided by q(-8).
8
What is the remainder when 599 is divided by (2*(-2)/(-4))/((-369)/(-3690))?
9
Suppose 3*p = -a + 5*a + 7, 5*p + 27 = -3*a. Calculate the remainder when p*3/27*(-711)/3 is divided by 30.
19
Let u(x) = -2*x**3 + 19*x**2 + 15*x - 17. What is the remainder when 782 is divided by u(10)?
23
Calculate the remainder when (-14)/(15617/5221 + -3) is divided by 59.
55
Suppose 0 = -5*k + 26*g - 21*g + 915, 5*k = -4*g + 933. Calculate the remainder when k is divided by 39.
29
Suppose 4*u + 8 = 0, 0 = 4*d + 16*u - 31 - 397. What is the remainder when d is divided by (7 + -13)*(-6)/4?
7
Let g(h) be the first derivative of 17*h**2/2 - 76*h + 94. Calculate the remainder when g(10) is divided by 7.
3
Suppose 24*j = 18*j + 3*n + 75, 4*n = 2*j - 34. Calculate the remainder when ((-1)/(-2))/(2/608) is divided by j.
9
Suppose 298 = -8*y + 2*q + 708, 4*q = 4*y - 208. Calculate the remainder when 1/(-2 + 1) + 408 is divided by y.
50
Let j(c) = -c**2 + 5*c + 1. Let f be j(6). Suppose -316*a = 5*o - 320*a - 111, -o - 30 = 5*a. What is the remainder when (f*1)/((-1)/11) is divided by o?
10
Let b(m) = -m**2 - 19*m + 22. Let p = 3 - 23. Let k be b(p). Suppose 34 = -0*i + k*i. What is the remainder when 32 is divided by i?
15
Let h be (-30)/24*(30 - 6). What is the remainder when 69 is divided by (-618)/h + (-6)/(-15)?
6
Suppose -126*p + 3334 = -1202. What is the remainder when p is divided by 34?
2
Let c = 110 + -35. Suppose -2*y - 525 = -567. What is the remainder when c is divided by y?
12
Let j(n) = -n**2 + 38*n - 266. Suppose u - 326 - 92 = 0. What is the remainder when u is divided by j(14)?
68
Let u(f) = -f**3 + 16*f**2 + 136*f - 2250. Let o(a) = 16*a**2 - 4*a + 2. What is the remainder when o(3) is divided by u(14)?
42
Suppose -74 = -g + 3*l, -15*g + l + 412 = -10*g. Let k(f) = f**3 - 5*f**2 + 7. What is the remainder when g is divided by k(6)?
40
Let r(j) be the first derivative of -j**3/3 + 17*j**2/2 + 18*j - 96. Calculate the remainder when r(16) is divided by 12.
10
Suppose -224*x = -229*x - 1040. Calculate the remainder when 1 + 0 - -6 - x is divided by 44.
39
Let h(u) = u**3 - 20*u**2 + 38*u + 259. What is the remainder when 299 is divided by h(18)?
4
Let w be 1 + ((-8)/(-28) - (-21340)/35). Let l = w + -575. Calculate the remainder when 1 + (99 - 0) + 2 is divided by l.
30
Suppose 55426 = 122*q + 22592 - 104172. Calculate the remainder when q is divided by 12.
7
Let o(y) = -9*y**3 - 7*y**2 - 6*y + 12. Let l be o(-5). Suppose -3*j = -11*j + l. Calculate the remainder when j is divided by 21.
19
Let v(m) = 449*m - 1217. Calculate the remainder when 269 is divided by v(3).
9
Let u = 3454 - 3033. What is the remainder when u is divided by 220?
201
Let z be (-17 + 6/3)*(-60)/75. Calculate the remainder when 11/((-14)/(-33) - 4/z) is divided by 36.
13
Suppose -452*i = -624*i + 8772. Let k = 307 - 91. What is the remainder when k is divided by i?
12
Let y = -64618 + 64626. Let m = -1 + 1. Let w(a) = a**2 + a + 26. What is the remainder when w(m) is divided by y?
2
Calculate the remainder when 76 is divided by (-65 - -63)/((-1)/9*2).
4
Suppose 18090 = -16*t + 127114. What is the remainder when t is divided by 14?
10
Calculate the remainder when 531 is divided by (-16)/328 - 207063/(-1107).
157
What is the remainder when 41 is divided by 4/18 + (-1820)/(-234) - -13?
20
Let j(q) be the third derivative of -q**6/120 - 2*q**5/15 + 7*q**4/12 + 67*q**3/6 - 90*q**2. Calculate the remainder when j(-9) is divided by 13.
9
Let p = 164 + -160. Calculate the remainder when ((-2)/(-6))/((-121)/(-10890)) is divided by p.
2
Suppose 5*q + 2*c = 80, 4*c + 14 + 6 = 0. What is the remainder when -2*-2*(-147)/(-12) is divided by q?
13
Let i(a) = -a**3 - 3*a**2 + 8*a - 10. Let p be i(-5). Suppose 2*y - 2 + p = 0. Calculate the remainder when 63 is divided by 8/9*6*(y - -2).
15
Suppose 1 = -t + 85. Suppose -13*d = -107*d + 18236. What is the remainder when d is divided by t?
26
What is the remainder when 4313 is divided by (2 - -2)/((25/1195)/(480/64))?
11
Let x = 2765 + -2442. What is the remainder when x is divided by 45?
8
Let f(k) = -3*k - 9. Let g be 2/(-1) - 0/(-3). Let x be f(g). Calculate the remainder when (-3)/x*(-2)/4*-34 is divided by 11.
6
Let z be 147/2 - ((-9)/6)/(-1). Let l = 78 - z. Suppose l = 4*u - 6. Calculate the remainder when 7 is divided by u.
1
Let r(v) = v + 17*v + 13 + 5 + 12*v**3 + 41*v**2 - 15*v**3 - 4*v. Calculate the remainder when 51 is divided by r(14).
15
Let s = -271 + -49. Let w = -193 - s. What is the remainder when w is divided by 3*(-1)/(-3)*26?
23
Let x(f) = f + 19. Let o(t) = -54*t**2 + 103*t + 80. Calculate the remainder when o(2) is divided by x(0).
13
Let q(x) = -x**2 + 54*x - 493. Calculate the remainder when 353 is divided by q(40).
18
Suppose 2149 = -28*m + 63*m - 406. Calculate the remainder when 271 is divided by m.
52
Suppose 0 = 4*u + 3*v - 75, 0*u = 3*u - 2*v - 35. Suppose 5*j - 15 = -5*x, 5*x - 9*x - 3*j + u = 0. Calculate the remainder when 2/(2/(-51)*-3) is divided by x.
5
Suppose 0 = -22*w + 6*w + 208. What is the remainder when 10/(-8) + 939/12 is divided by w?
12
Suppose -3*i = q - 975, -151 = -5*i - 2*q + 1473. Calculate the remainder when i is divided by 21.
11
Suppose 42*u + 59592 - 938106 = 0. What is the remainder when u is divided by 57?
55
Let s be (-30)/(-75) - (-7)/(-5). What is the remainder when (1 - 134)*s - (-2 - -4) is divided by 33?
32
Let t(q) = 20*q**2 - 7*q + 66. Let p be t(6). Suppose -r - 2*y = -229, -5*r - 2*y = -377 - p. What is the remainder when r is divided by 25?
23
Let r(z) = 3*z + 44. Suppose -3*f = -2*u + 16, -5*u = -4*f - 39 - 1. Calculate the remainder when r(u) is divided by 7.
5
Suppose 0 = -v + 3*c + 27, -c = -99*v + 102*v - 91. What is the remainder when 293 is divided by v?
23
Suppose -2*l + 3*h + 304 = 0, 425*l - 4*h = 420*l + 767. What is the remainder when 4180 is divided by l?
150
Suppose 0 = 2*g - 5*g + 126. What is the remainder when g is divided by